and 196.
196
What is the highest common divisor of 3 and 67?
1
What is the greatest common factor of 574 and 84?
14
What is the highest common divisor of 2060 and 60?
20
What is the highest common divisor of 51 and 578?
17
Calculate the greatest common factor of 126 and 8.
2
What is the highest common factor of 128 and 2?
2
What is the greatest common divisor of 222 and 185?
37
Calculate the greatest common divisor of 303 and 27.
3
What is the highest common divisor of 29752 and 8?
8
What is the greatest common factor of 1334 and 232?
58
Calculate the greatest common divisor of 61 and 1525.
61
What is the greatest common factor of 20 and 660?
20
What is the greatest common divisor of 4 and 188?
4
Calculate the greatest common factor of 14003 and 19.
19
Calculate the highest common divisor of 16 and 488.
8
What is the highest common divisor of 115 and 10?
5
What is the highest common factor of 271 and 42547?
271
Calculate the highest common divisor of 5372 and 340.
68
Calculate the greatest common divisor of 17 and 51.
17
What is the highest common divisor of 429 and 13?
13
What is the greatest common factor of 9595 and 570?
95
What is the highest common factor of 7 and 7?
7
Calculate the greatest common divisor of 2760 and 540.
60
What is the greatest common divisor of 54 and 270?
54
Calculate the highest common divisor of 36 and 468.
36
Calculate the greatest common factor of 7 and 11.
1
What is the greatest common factor of 34 and 187?
17
What is the greatest common divisor of 2928 and 48?
48
Calculate the greatest common divisor of 903 and 497.
7
Calculate the greatest common factor of 231 and 2226.
21
What is the greatest common factor of 609 and 87?
87
What is the greatest common divisor of 14 and 1687?
7
Calculate the greatest common factor of 1716 and 1452.
132
What is the greatest common divisor of 15410 and 230?
230
Calculate the greatest common factor of 420 and 19460.
140
Calculate the highest common divisor of 2961 and 1645.
329
Calculate the highest common factor of 1763 and 82.
41
What is the highest common divisor of 140 and 770?
70
What is the greatest common divisor of 12 and 15108?
12
Calculate the greatest common factor of 26 and 10.
2
What is the highest common divisor of 1591 and 74?
37
What is the highest common factor of 46 and 10?
2
What is the highest common factor of 5243 and 107?
107
What is the greatest common factor of 42 and 238?
14
What is the greatest common divisor of 42 and 162?
6
Calculate the greatest common factor of 2923 and 296.
37
What is the highest common divisor of 140 and 110?
10
What is the greatest common divisor of 7800 and 468?
156
What is the highest common divisor of 132 and 60?
12
What is the greatest common divisor of 33 and 5511?
33
What is the highest common divisor of 54 and 558?
18
Calculate the greatest common divisor of 85 and 374.
17
Calculate the greatest common factor of 408 and 1479.
51
What is the greatest common factor of 13 and 50011?
13
Calculate the highest common divisor of 25857 and 442.
221
Calculate the highest common factor of 127 and 21463.
127
Calculate the greatest common factor of 72 and 408.
24
Calculate the highest common divisor of 297 and 1881.
99
Calculate the highest common factor of 156 and 429.
39
What is the highest common divisor of 104 and 13130?
26
Calculate the highest common divisor of 837 and 124.
31
Calculate the greatest common divisor of 12839 and 74.
37
What is the highest common divisor of 36990 and 120?
30
Calculate the greatest common divisor of 85 and 136.
17
What is the highest common divisor of 18 and 261?
9
Calculate the greatest common divisor of 8 and 560.
8
What is the greatest common divisor of 162 and 108?
54
What is the highest common factor of 8 and 100?
4
What is the greatest common divisor of 394 and 25413?
197
What is the highest common factor of 141 and 1081?
47
Calculate the greatest common divisor of 1003 and 59.
59
What is the greatest common factor of 11 and 2519?
11
Calculate the highest common factor of 32 and 68.
4
What is the greatest common factor of 1104 and 345?
69
Calculate the greatest common divisor of 291 and 1649.
97
What is the greatest common divisor of 67 and 1809?
67
What is the greatest common factor of 48 and 360?
24
Calculate the greatest common divisor of 18 and 23562.
18
What is the highest common divisor of 50 and 21475?
25
What is the highest common divisor of 3 and 1?
1
What is the highest common factor of 2673 and 486?
243
What is the highest common divisor of 27624 and 24?
24
What is the highest common factor of 4104 and 135?
27
Calculate the greatest common divisor of 192 and 16.
16
What is the highest common divisor of 24 and 1923?
3
What is the greatest common divisor of 104 and 338?
26
Calculate the greatest common divisor of 294 and 308.
14
Calculate the highest common factor of 24 and 768.
24
What is the greatest common factor of 4 and 944?
4
What is the greatest common factor of 399 and 57?
57
Calculate the highest common factor of 259 and 7.
7
What is the greatest common factor of 414 and 522?
18
What is the highest common factor of 132 and 110?
22
Calculate the highest common factor of 40 and 1640.
40
What is the highest common divisor of 64 and 240?
16
Calculate the highest common factor of 276 and 156.
12
Calculate the greatest common factor of 24 and 276.
12
Calculate the greatest common factor of 16276 and 313.
313
Calculate the highest common divisor of 2499 and 63.
21
Calculate the greatest common factor of 5 and 184.
1
What is the highest common factor of 6 and 22?
2
What is the highest common factor of 102 and 720?
6
What is the highest common factor of 234 and 36?
18
Calculate the highest common factor of 12 and 280.
4
Calculate the highest common divisor of 1034 and 22.
22
What is the greatest common divisor of 346 and 1557?
173
Calculate the highest common divisor of 225 and 405.
45
Calculate the highest common factor of 342 and 4617.
171
Calculate the greatest common factor of 91 and 35.
7
Calculate the greatest common divisor of 1513 and 221.
17
Calculate the greatest common divisor of 527 and 93.
31
What is the highest common divisor of 436 and 3597?
109
What is the highest common divisor of 3672 and 192?
24
Calculate the greatest common factor of 103 and 1648.
103
What is the highest common factor of 144 and 32?
16
Calculate the greatest common divisor of 289 and 34.
17
Calculate the greatest common factor of 6444 and 180.
36
What is the greatest common factor of 268 and 16?
4
Calculate the greatest common divisor of 261 and 549.
9
Calculate the greatest common factor of 189 and 4074.
21
What is the highest common factor of 184 and 69?
23
Calculate the highest common factor of 1375 and 125.
125
Calculate the highest common factor of 57 and 437.
19
Calculate the highest common factor of 68 and 1564.
68
What is the greatest common divisor of 40658 and 232?
58
What is the greatest common factor of 25 and 11425?
25
What is the highest common factor of 10250 and 82?
82
What is the highest common divisor of 520 and 416?
104
What is the highest common divisor of 13431 and 111?
111
What is the greatest common divisor of 11 and 891?
11
Calculate the highest common factor of 34 and 3502.
34
What is the highest common factor of 36 and 128?
4
Calculate the highest common factor of 320 and 60.
20
What is the greatest common factor of 621 and 23?
23
What is the highest common divisor of 8 and 3112?
8
Calculate the highest common factor of 116334 and 414.
414
What is the greatest common divisor of 4 and 44?
4
What is the greatest common divisor of 59 and 6077?
59
Calculate the highest common factor of 4 and 244.
4
What is the highest common divisor of 58 and 551?
29
Calculate the greatest common divisor of 190 and 130.
10
What is the greatest common factor of 59 and 31?
1
Calculate the highest common divisor of 504 and 189.
63
Calculate the greatest common divisor of 3286 and 124.
62
Calculate the greatest common divisor of 265 and 583.
53
Calculate the greatest common divisor of 264 and 3201.
33
What is the highest common divisor of 12480 and 672?
96
Calculate the highest common divisor of 170 and 20.
10
Calculate the highest common divisor of 30 and 24.
6
What is the greatest common divi